{"id":25639,"date":"2023-09-21T11:29:59","date_gmt":"2023-09-21T11:29:59","guid":{"rendered":"https:\/\/staging.praxas.com\/sgd-atp-datenlogger-unterstuetzung\/"},"modified":"2025-06-20T09:43:25","modified_gmt":"2025-06-20T09:43:25","slug":"sgd-atp-datenlogger-unterstuetzung","status":"publish","type":"page","link":"https:\/\/praxas.com\/de\/unterstuetzen-sie\/sgd-atp-datenlogger-unterstuetzung\/","title":{"rendered":"SGD-ATP Datenlogger Unterst\u00fctzung"},"content":{"rendered":"<h2>H\u00e4ufig gestellte Fragen<\/h2>\n<p><span class=\"ui-provider azr azs azt azu azv azw azx azy azz baa bab bac bae baf bag bah bai baj bak bal bam ban bao bap baq bar bas bat bau bav baw bax bay baz bba\" dir=\"ltr\"><\/p>\n<div class=\"accordion\">\n<h2 class=\"accordion-header\">Was bedeutet das ERR-Symbol auf meinem EL-SGD ATP-Ger\u00e4t?<br \/>\n<i class=\"fas fa-chevron-circle-down\"><\/i><\/h2>\n<div class=\"accordion-content\"><\/span>Das bedeutet, dass etwas die auf dem Ger\u00e4t angezeigten Protokolldatens\u00e4tze beeintr\u00e4chtigt hat. Beachten Sie, dass sich dies nicht auf die tats\u00e4chlich aufgezeichneten Daten auswirkt. Die Hauptursachen daf\u00fcr sind:<\/p>\n<ul>\n<li>Probe Error zu einem bestimmten Zeitpunkt.<\/li>\n<li>Die Anzahl der Protokolle ist \u00fcbergelaufen.<span class=\"ui-provider azr azs azt azu azv azw azx azy azz baa bab bac bae baf bag bah bai baj bak bal bam ban bao bap baq bar bas bat bau bav baw bax bay baz bba\" dir=\"ltr\"><\/div>\n<\/div>\n<p><\/span><\/li>\n<\/ul>\n<p><span class=\"ui-provider azr azs azt azu azv azw azx azy azz baa bab bac bae baf bag bah bai baj bak bal bam ban bao bap baq bar bas bat bau bav baw bax bay baz bba\" dir=\"ltr\"><\/p>\n<div class=\"accordion\">\n<h2 class=\"accordion-header\">Warum ist die Schaltfl\u00e4che &#8222;Alle Aufzeichnungen starten&#8220; auf meinem EL-SGD 43\/70-ATP ausgegraut?<br \/>\n<i class=\"fas fa-chevron-circle-down\"><\/i><\/h2>\n<div class=\"accordion-content\">Dies bedeutet, dass sich das Ger\u00e4t im verz\u00f6gerten Startmodus befindet und bis zur angegebenen Startzeit\/zum angegebenen Datum wartet, bevor das Protokoll beginnt.<\/span><span class=\"ui-provider azr azs azt azu azv azw azx azy azz baa bab bac bae baf bag bah bai baj bak bal bam ban bao bap baq bar bas bat bau bav baw bax bay baz bba\" dir=\"ltr\"><\/div>\n<\/div>\n<p><\/span><\/p>\n<p><strong><br \/>\n<\/strong><span class=\"ui-provider azr azs azt azu azv azw azx azy azz baa bab bac bae baf bag bah bai baj bak bal bam ban bao bap baq bar bas bat bau bav baw bax bay baz bba\" dir=\"ltr\"><\/p>\n<div class=\"accordion\">\n<h2 class=\"accordion-header\">Wie \u00fcberpr\u00fcfe ich meine Alarmstufen und die Aufzeichnungsrate auf meinem EL-SGD 43\/70-ATP?<br \/>\n<i class=\"fas fa-chevron-circle-down\"><\/i><\/h2>\n<div class=\"accordion-content\">Wenn Sie auf dem Info-Bildschirm das Feld f\u00fcr den oberen oder unteren protokollierten Wert gedr\u00fcckt halten, wird es durch den oberen oder unteren Alarmwert ersetzt (vorausgesetzt, dieser wurde eingestellt). Wenn Sie das Feld f\u00fcr die Anzahl der Protokolle gedr\u00fcckt halten, wird die Protokollierungsrate angezeigt.<\/span><span class=\"ui-provider azr azs azt azu azv azw azx azy azz baa bab bac bae baf bag bah bai baj bak bal bam ban bao bap baq bar bas bat bau bav baw bax bay baz bba\" dir=\"ltr\"><\/div>\n<\/div>\n<p><\/span><\/p>\n<p><span class=\"ui-provider azr azs azt azu azv azw azx azy azz baa bab bac bae baf bag bah bai baj bak bal bam ban bao bap baq bar bas bat bau bav baw bax bay baz bba\" dir=\"ltr\"><\/p>\n<div class=\"accordion\">\n<h2 class=\"accordion-header\">Ich habe einen Fehler bei der Einrichtung meines Ger\u00e4ts f\u00fcr die EL-SGD Datenlogger-Serie gemacht. Wie kann ich das \u00e4ndern?<br \/>\n<i class=\"fas fa-chevron-circle-down\"><\/i><\/h2>\n<div class=\"accordion-content\">Gehen Sie auf einen beliebigen Info-Bildschirm und dann auf den Einstellungs-Bildschirm. Von hier aus k\u00f6nnen Sie das Zur\u00fccksetzen auf die Werkseinstellungen w\u00e4hlen, um Ihr Ger\u00e4t neu zu konfigurieren.<\/span><span class=\"ui-provider azr azs azt azu azv azw azx azy azz baa bab bac bae baf bag bah bai baj bak bal bam ban bao bap baq bar bas bat bau bav baw bax bay baz bba\" dir=\"ltr\"><\/div>\n<\/div>\n<p><\/span><\/p>\n<p><strong><br \/>\n<\/strong><span class=\"ui-provider azr azs azt azu azv azw azx azy azz baa bab bac bae baf bag bah bai baj bak bal bam ban bao bap baq bar bas bat bau bav baw bax bay baz bba\" dir=\"ltr\"><\/p>\n<div class=\"accordion\">\n<h2 class=\"accordion-header\">Wenn ich mein EL-SGD 43\/70-ATP auf die Werkseinstellungen zur\u00fccksetze oder ausschalte, gehen dann meine Protokolle verloren?<br \/>\n<i class=\"fas fa-chevron-circle-down\"><\/i><\/h2>\n<div class=\"accordion-content\">Nein, Ihre Protokolle gehen nur dann verloren, wenn Sie sie nach dem Herunterladen l\u00f6schen m\u00f6chten. Andernfalls werden sie nur in einer Datei mit Datums- und Zeitstempel gesichert.<\/span><span class=\"ui-provider azr azs azt azu azv azw azx azy azz baa bab bac bae baf bag bah bai baj bak bal bam ban bao bap baq bar bas bat bau bav baw bax bay baz bba\" dir=\"ltr\"><\/div>\n<\/div>\n<p><\/span><\/p>\n<p><span class=\"ui-provider azr azs azt azu azv azw azx azy azz baa bab bac bae baf bag bah bai baj bak bal bam ban bao bap baq bar bas bat bau bav baw bax bay baz bba\" dir=\"ltr\"><\/p>\n<div class=\"accordion\">\n<h2 class=\"accordion-header\">Ich glaube, mein EL-SGD 43\/70-ATP Datenlogger hat einen Stromausfall erlitten und jetzt ist die Anzahl der Aufzeichnungen auf 1 zur\u00fcckgegangen. Habe ich alle Daten verloren?<br \/>\n<i class=\"fas fa-chevron-circle-down\"><\/i><\/h2>\n<div class=\"accordion-content\">Nein, wenn die Stromzufuhr zum Ger\u00e4t unterbrochen wird, wird die laufende Datenaufzeichnung gestoppt und gesichert. Sobald das Ger\u00e4t wieder eingeschaltet ist, wird eine neue Aufzeichnung gestartet.<\/span><span class=\"ui-provider azr azs azt azu azv azw azx azy azz baa bab bac bae baf bag bah bai baj bak bal bam ban bao bap baq bar bas bat bau bav baw bax bay baz bba\" dir=\"ltr\"><\/div>\n<\/div>\n<p><\/span><\/p>\n","protected":false},"excerpt":{"rendered":"<p>H\u00e4ufig gestellte Fragen<\/p>\n","protected":false},"author":2,"featured_media":0,"parent":25684,"menu_order":0,"comment_status":"closed","ping_status":"closed","template":"template-fullwidth.php","meta":{"_acf_changed":false,"content-type":"","_uag_custom_page_level_css":"","footnotes":""},"class_list":["post-25639","page","type-page","status-publish","hentry"],"acf":[],"spectra_custom_meta":{"hero_image":[""],"_hero_image":["field_64f1a7da7af44"],"_hero_h1":["field_64f19e1edd052"],"_hero_h2":["field_64f19e2ddd053"],"_hero_text":["field_64f19e42dd054"],"_hero_button_text":["field_64f19e4edd055"],"_hero_button_link":["field_64f19e5ddd056"],"_top_nav_excluded":[""],"_cms_nav_minihome":[""],"_wp_page_template":["template-fullwidth.php"],"rank_math_focus_keyword":["OEM-Datenlogger"],"_last_translation_edit_mode":["translation-editor"],"_wpml_word_count":["361"],"rank_math_title":["OEM-Datenlogger-Unterst\u00fctzung | EasyLog-Datenlogger-Unterst\u00fctzung"],"rank_math_description":["St\u00f6bern Sie in unseren FAQs auf unserer Website oder wenden Sie sich an unser Vertriebsteam bei Lascar Electronics, wenn Sie Unterst\u00fctzung zu unseren OEM-Datenloggern ben\u00f6tigen."],"_uag_page_assets":["a:9:{s:3:\"css\";s:0:\"\";s:2:\"js\";s:0:\"\";s:18:\"current_block_list\";a:0:{}s:8:\"uag_flag\";b:0;s:11:\"uag_version\";s:10:\"1777365814\";s:6:\"gfonts\";a:0:{}s:10:\"gfonts_url\";s:0:\"\";s:12:\"gfonts_files\";a:0:{}s:14:\"uag_faq_layout\";b:0;}"]},"uagb_featured_image_src":{"full":false,"thumbnail":false,"medium":false,"medium_large":false,"large":false,"1536x1536":false,"2048x2048":false,"crunchify-admin-post-featured-image":false,"commercegurus-pdp-large":false,"commercegurus-plp-mobile":false,"cgkit_image_swatch":false,"woocommerce_thumbnail":false,"woocommerce_single":false,"woocommerce_gallery_thumbnail":false},"uagb_author_info":{"display_name":"Andy Price","author_link":"https:\/\/praxas.com\/de\/author\/andyp\/"},"uagb_comment_info":0,"uagb_excerpt":"H\u00e4ufig gestellte Fragen","_links":{"self":[{"href":"https:\/\/praxas.com\/de\/wp-json\/wp\/v2\/pages\/25639","targetHints":{"allow":["GET"]}}],"collection":[{"href":"https:\/\/praxas.com\/de\/wp-json\/wp\/v2\/pages"}],"about":[{"href":"https:\/\/praxas.com\/de\/wp-json\/wp\/v2\/types\/page"}],"author":[{"embeddable":true,"href":"https:\/\/praxas.com\/de\/wp-json\/wp\/v2\/users\/2"}],"replies":[{"embeddable":true,"href":"https:\/\/praxas.com\/de\/wp-json\/wp\/v2\/comments?post=25639"}],"version-history":[{"count":2,"href":"https:\/\/praxas.com\/de\/wp-json\/wp\/v2\/pages\/25639\/revisions"}],"predecessor-version":[{"id":46918,"href":"https:\/\/praxas.com\/de\/wp-json\/wp\/v2\/pages\/25639\/revisions\/46918"}],"up":[{"embeddable":true,"href":"https:\/\/praxas.com\/de\/wp-json\/wp\/v2\/pages\/25684"}],"wp:attachment":[{"href":"https:\/\/praxas.com\/de\/wp-json\/wp\/v2\/media?parent=25639"}],"curies":[{"name":"wp","href":"https:\/\/api.w.org\/{rel}","templated":true}]}}

SGD-ATP Datenlogger Unterstützung

<h2>Häufig gestellte Fragen</h2>
<p><span class="ui-provider azr azs azt azu azv azw azx azy azz baa bab bac bae baf bag bah bai baj bak bal bam ban bao bap baq bar bas bat bau bav baw bax bay baz bba" dir="ltr"></p>
<div class="accordion">
<h2 class="accordion-header">Was bedeutet das ERR-Symbol auf meinem EL-SGD ATP-Gerät?<br />
<i class="fas fa-chevron-circle-down"></i></h2>
<div class="accordion-content"></span>Das bedeutet, dass etwas die auf dem Gerät angezeigten Protokolldatensätze beeinträchtigt hat. Beachten Sie, dass sich dies nicht auf die tatsächlich aufgezeichneten Daten auswirkt. Die Hauptursachen dafür sind:</p>
<ul>
<li>Probe Error zu einem bestimmten Zeitpunkt.</li>
<li>Die Anzahl der Protokolle ist übergelaufen.<span class="ui-provider azr azs azt azu azv azw azx azy azz baa bab bac bae baf bag bah bai baj bak bal bam ban bao bap baq bar bas bat bau bav baw bax bay baz bba" dir="ltr"></div>
</div>
<p></span></li>
</ul>
<p><span class="ui-provider azr azs azt azu azv azw azx azy azz baa bab bac bae baf bag bah bai baj bak bal bam ban bao bap baq bar bas bat bau bav baw bax bay baz bba" dir="ltr"></p>
<div class="accordion">
<h2 class="accordion-header">Warum ist die Schaltfläche &#8222;Alle Aufzeichnungen starten&#8220; auf meinem EL-SGD 43/70-ATP ausgegraut?<br />
<i class="fas fa-chevron-circle-down"></i></h2>
<div class="accordion-content">Dies bedeutet, dass sich das Gerät im verzögerten Startmodus befindet und bis zur angegebenen Startzeit/zum angegebenen Datum wartet, bevor das Protokoll beginnt.</span><span class="ui-provider azr azs azt azu azv azw azx azy azz baa bab bac bae baf bag bah bai baj bak bal bam ban bao bap baq bar bas bat bau bav baw bax bay baz bba" dir="ltr"></div>
</div>
<p></span></p>
<p><strong><br />
</strong><span class="ui-provider azr azs azt azu azv azw azx azy azz baa bab bac bae baf bag bah bai baj bak bal bam ban bao bap baq bar bas bat bau bav baw bax bay baz bba" dir="ltr"></p>
<div class="accordion">
<h2 class="accordion-header">Wie überprüfe ich meine Alarmstufen und die Aufzeichnungsrate auf meinem EL-SGD 43/70-ATP?<br />
<i class="fas fa-chevron-circle-down"></i></h2>
<div class="accordion-content">Wenn Sie auf dem Info-Bildschirm das Feld für den oberen oder unteren protokollierten Wert gedrückt halten, wird es durch den oberen oder unteren Alarmwert ersetzt (vorausgesetzt, dieser wurde eingestellt). Wenn Sie das Feld für die Anzahl der Protokolle gedrückt halten, wird die Protokollierungsrate angezeigt.</span><span class="ui-provider azr azs azt azu azv azw azx azy azz baa bab bac bae baf bag bah bai baj bak bal bam ban bao bap baq bar bas bat bau bav baw bax bay baz bba" dir="ltr"></div>
</div>
<p></span></p>
<p><span class="ui-provider azr azs azt azu azv azw azx azy azz baa bab bac bae baf bag bah bai baj bak bal bam ban bao bap baq bar bas bat bau bav baw bax bay baz bba" dir="ltr"></p>
<div class="accordion">
<h2 class="accordion-header">Ich habe einen Fehler bei der Einrichtung meines Geräts für die EL-SGD Datenlogger-Serie gemacht. Wie kann ich das ändern?<br />
<i class="fas fa-chevron-circle-down"></i></h2>
<div class="accordion-content">Gehen Sie auf einen beliebigen Info-Bildschirm und dann auf den Einstellungs-Bildschirm. Von hier aus können Sie das Zurücksetzen auf die Werkseinstellungen wählen, um Ihr Gerät neu zu konfigurieren.</span><span class="ui-provider azr azs azt azu azv azw azx azy azz baa bab bac bae baf bag bah bai baj bak bal bam ban bao bap baq bar bas bat bau bav baw bax bay baz bba" dir="ltr"></div>
</div>
<p></span></p>
<p><strong><br />
</strong><span class="ui-provider azr azs azt azu azv azw azx azy azz baa bab bac bae baf bag bah bai baj bak bal bam ban bao bap baq bar bas bat bau bav baw bax bay baz bba" dir="ltr"></p>
<div class="accordion">
<h2 class="accordion-header">Wenn ich mein EL-SGD 43/70-ATP auf die Werkseinstellungen zurücksetze oder ausschalte, gehen dann meine Protokolle verloren?<br />
<i class="fas fa-chevron-circle-down"></i></h2>
<div class="accordion-content">Nein, Ihre Protokolle gehen nur dann verloren, wenn Sie sie nach dem Herunterladen löschen möchten. Andernfalls werden sie nur in einer Datei mit Datums- und Zeitstempel gesichert.</span><span class="ui-provider azr azs azt azu azv azw azx azy azz baa bab bac bae baf bag bah bai baj bak bal bam ban bao bap baq bar bas bat bau bav baw bax bay baz bba" dir="ltr"></div>
</div>
<p></span></p>
<p><span class="ui-provider azr azs azt azu azv azw azx azy azz baa bab bac bae baf bag bah bai baj bak bal bam ban bao bap baq bar bas bat bau bav baw bax bay baz bba" dir="ltr"></p>
<div class="accordion">
<h2 class="accordion-header">Ich glaube, mein EL-SGD 43/70-ATP Datenlogger hat einen Stromausfall erlitten und jetzt ist die Anzahl der Aufzeichnungen auf 1 zurückgegangen. Habe ich alle Daten verloren?<br />
<i class="fas fa-chevron-circle-down"></i></h2>
<div class="accordion-content">Nein, wenn die Stromzufuhr zum Gerät unterbrochen wird, wird die laufende Datenaufzeichnung gestoppt und gesichert. Sobald das Gerät wieder eingeschaltet ist, wird eine neue Aufzeichnung gestartet.</span><span class="ui-provider azr azs azt azu azv azw azx azy azz baa bab bac bae baf bag bah bai baj bak bal bam ban bao bap baq bar bas bat bau bav baw bax bay baz bba" dir="ltr"></div>
</div>
<p></span></p>

<p>Häufig gestellte Fragen</p>

OEM-Datenlogger-Unterstützung | EasyLog-Datenlogger-Unterstützung

Stöbern Sie in unseren FAQs auf unserer Website oder wenden Sie sich an unser Vertriebsteam bei Lascar Electronics, wenn Sie Unterstützung zu unseren OEM-Datenloggern benötigen.

Häufig gestellte Fragen
